 - 7*d**2 - 30*d - 28. What is b(-5)?
822
Let z(a) = a**2 + 31*a + 69. Give z(-24).
-99
Let l(u) = 1638*u - 62230. Determine l(38).
14
Let c(b) = b**2 - 50*b + 7. What is c(0)?
7
Let s(f) = -f**2 - 32*f + 341. What is s(-40)?
21
Let u(z) = -z**3 - 8*z**2 + 1013*z + 13620. Give u(-15).
0
Let m(j) = j**3 + j**2 - 19*j + 3. Determine m(-6).
-63
Let a(l) = 237*l + 1452. What is a(-6)?
30
Let c(x) = x**2 - 6*x - 83. Determine c(14).
29
Let v(a) = 730*a + 2921. What is v(-4)?
1
Let p(w) = w**3 - 27*w**2 + 64*w + 209. Give p(24).
17
Let n(g) = -g**2 + 57*g - 244. Calculate n(5).
16
Let f(a) = a**2 + 25*a + 106. Calculate f(-6).
-8
Let p(l) = 319*l**2 + 1596*l + 10. Determine p(-5).
5
Let m(z) = 43*z - 77. Give m(11).
396
Let n(c) = -16*c**2 + 10*c. Give n(5).
-350
Let v(t) = 492*t + 4076. Calculate v(-8).
140
Let g(r) = -75*r - 151. Determine g(-2).
-1
Let w(i) = i**3 + 39*i**2 + 204*i + 38. Calculate w(-6).
2
Let q(f) = f**3 - 40*f**2 + 9*f - 84. Give q(40).
276
Let t(w) = w**3 - 20*w**2 - 21*w - 7. What is t(21)?
-7
Let r(n) = n**3 - 124*n**2 + 127*n - 327. Calculate r(123).
165
Let y(t) = -t**2 - 55*t + 363. Give y(6).
-3
Let k(u) = -136*u + 14. What is k(2)?
-258
Let d(a) = 41*a - 464. Give d(13).
69
Let m(a) = -a**3 + 6*a**2 - 132*a + 490. Determine m(4).
-6
Let j(k) = -2*k**2 - 554*k + 1671. What is j(-280)?
-9
Let y(v) = -55*v - 4748. Give y(-85).
-73
Let a(c) = 240*c - 1200. Determine a(5).
0
Let t(u) = 20*u - 129. Calculate t(13).
131
Let g(h) = h**3 - 2*h**2 - 66*h - 37. Give g(-7).
-16
Let g(x) = -5*x**2 + 62*x + 307. Give g(16).
19
Let z(j) = 15*j + 133. Determine z(-8).
13
Let v(n) = n**2 + 463*n + 1832. What is v(-4)?
-4
Let n(f) = -3*f**2 - 42*f + 379. Give n(-21).
-62
Let c(z) = z**3 - 4*z**2 + 258*z - 1322. Give c(5).
-7
Let o(m) = m**3 - 19*m**2 - 97*m + 33. Calculate o(23).
-82
Let c(s) = 6*s**2 + 228*s - 214. Determine c(-39).
20
Let y(t) = -t**3 + 5*t**2 + 39*t - 193. Give y(6).
5
Let n(t) = -t**3 + 4*t**2 + 571*t - 27. Give n(-22).
-5
Let d(q) = 2*q - 99. Calculate d(30).
-39
Let t(k) = k**2 + 40*k - 365. Determine t(-47).
-36
Let w(r) = -123*r - 121. Give w(3).
-490
Let q(g) = -55*g**2 - 80*g - 3. Calculate q(-2).
-63
Let q(x) = -2*x**2 - 66*x + 213. Determine q(-36).
-3
Let n(w) = -w**2 + 53*w - 58. Determine n(44).
338
Let y(l) = -3*l**2 - 16*l - 31. Give y(-6).
-43
Let k(w) = w**3 + w**2 - 54*w + 177. Calculate k(-10).
-183
Let g(q) = q**2 + 17*q - 168. What is g(7)?
0
Let j(m) = 4*m**2 + 24*m - 111. What is j(-9)?
-3
Let n(d) = d**3 + 10*d**2 - d - 113. Calculate n(-9).
-23
Let s(j) = 110*j + 5244. What is s(-48)?
-36
Let m(w) = -8*w**3 - 34*w**2 - 11*w + 4. Calculate m(-5).
209
Let u(y) = -2*y**3 - 42*y**2 + 37*y + 6. What is u(-22)?
160
Let x(l) = -2*l**2 - 31*l + 6. What is x(-11)?
105
Let d(z) = 213*z + 128. Give d(1).
341
Let h(w) = 416*w - 4177. Give h(10).
-17
Let o(g) = g**3 + 135*g**2 + 105*g - 3828. Calculate o(-134).
58
Let l(q) = 5*q**2 + 123*q - 782. Give l(6).
136
Let u(m) = -m**3 - 60*m**2 + 1111*m + 66662. Give u(-60).
2
Let l(s) = -477*s - 3242. What is l(-7)?
97
Let n(p) = 111*p**2 + 355*p + 355. What is n(-1)?
111
Let x(v) = -13*v**2 + 297*v - 241. Calculate x(22).
1
Let d(o) = -o**3 - 9*o**2 - 11*o - 107. Calculate d(-8).
-83
Let v(b) = -4*b + 195. What is v(10)?
155
Let h(z) = -1189*z - 37. What is h(1)?
-1226
Let d(o) = -1639*o - 11484. What is d(-7)?
-11
Let p(g) = -12*g**2 - 58*g + 5. Determine p(-5).
-5
Let l(i) = 5445*i - 5453. Determine l(1).
-8
Let u(r) = 11*r**3 - 6*r**2 + 8*r - 11. Give u(2).
69
Let d(r) = -91*r + 1623. Determine d(18).
-15
Let z(w) = -w**2 - 39*w + 2130. What is z(30)?
60
Let w(m) = -245*m + 10794. Calculate w(44).
14
Let y(i) = -i**3 - 15*i**2 - 42*i + 117. What is y(-9)?
9
Let q(y) = 177*y - 11867. What is q(67)?
-8
Let w(j) = j**3 + 7*j**2 + 15*j + 16. What is w(-6)?
-38
Let t(l) = 197*l - 22469. Give t(114).
-11
Let g(b) = 1350*b - 24283. Calculate g(18).
17
Let t(z) = 7*z - 374. Calculate t(52).
-10
Let p(r) = r**2 - 2*r - 105. Determine p(16).
119
Let w(x) = -15*x**2 + 530*x + 1. What is w(36)?
-359
Let f(q) = 6*q**2 - 212*q - 31. Give f(34).
-303
Let w(b) = 9*b**2 + 9*b - 17. What is w(-2)?
1
Let n(u) = -u**3 - u**2 + 2*u + 8. What is n(0)?
8
Let h(f) = -280*f - 6293. Calculate h(-23).
147
Let x(z) = -8*z**2 + 24*z + 15. What is x(6)?
-129
Let d(s) = s**2 - 535*s + 1065. Calculate d(2).
-1
Let c(n) = -10*n**3 - n**2 + 6*n - 11. Determine c(2).
-83
Let c(m) = 48*m + 4797. What is c(-99)?
45
Let c(d) = -98*d + 9052. What is c(93)?
-62
Let z(m) = -11*m**2 - 12*m - 28. Give z(-4).
-156
Let d(z) = -4*z**3 + 16*z**2 + 6*z - 15. Give d(5).
-85
Let i(m) = 261*m**2 + 1286*m - 99. What is i(-5)?
-4
Let g(s) = -s**2 + 10*s - 129. Determine g(0).
-129
Let y(a) = -2*a**3 + 7*a**2 + 73*a + 103. What is y(-3)?
1
Let q(w) = w**3 - 35*w**2 - 2*w + 63. Determine q(35).
-7
Let i(r) = -r**3 - 4*r**2 + 36*r - 34. Determine i(-9).
47
Let s(d) = 8*d**3 - 249*d**2 + 27*d + 143. Calculate s(31).
19
Let r(p) = -p**3 - 127*p**2 + 799*p + 128. Calculate r(-133).
-5
Let f(h) = 7*h - 9. Calculate f(7).
40
Let c(y) = -3*y**3 - 23*y**2 - 2*y - 58. Determine c(-8).
22
Let i(x) = -20278*x + 141939. Calculate i(7).
-7
Let q(m) = -m**3 + 38*m**2 - 133*m - 108. Determine q(34).
-6
Let b(u) = u**2 - 663*u + 17176. Calculate b(27).
4
Let h(j) = j**3 + 5*j**2 + 10*j - 15. Calculate h(-5).
-65
Let n(u) = -411*u - 5712. Calculate n(-13).
-369
Let r(l) = 101*l - 977. What is r(10)?
33
Let k(z) = -z**3 - 84*z**2 - 163*z + 334. Determine k(-82).
252
Let k(q) = -4*q - 259. Determine k(-28).
-147
Let t(x) = 46*x**2 + 20*x - 6. Give t(2).
218
Let q(h) = -8*h**2 - 132*h - 21. Determine q(-16).
43
Let z(b) = -b**3 + 63*b**2 - 236*b - 18. What is z(59)?
-18
Let r(z) = z**3 + 53*z**2 - 292*z - 122. Calculate r(-58).
-6
Let u(k) = -k**3 + 8*k**2 - 659*k + 5999. What is u(9)?
-13
Let p(b) = 2*b**3 + 19*b**2 + 22*b + 90. What is p(-9)?
-27
Let z(y) = -y**2 - 20*y + 81. Give z(-24).
-15
Let i(u) = -6*u**3 - 13*u**2 + 43*u - 32. Calculate i(3).
-182
Let n(g) = 32*g + 2067. Calculate n(-65).
-13
Let f(q) = -6*q**3 + 21*q**2 + q + 7. Determine f(4).
-37
Let y(x) = -x**3 - 5*x**2 - 19*x - 213. What is y(-7)?
18
Let l(h) = -50*h + 2155. Calculate l(21).
1105
Let t(h) = -22*h**2 - 376*h + 97. Give t(-18).
-263
Let l(f) = f**2 - 22*f + 177. What is l(9)?
60
Let i(k) = -1343*k - 32239. What is i(-24)?
-7
Let x(w) = w**3 - 66*w**2 + 449*w + 853. Determine x(58).
-17
Let j(v) = 2*v**2 - 30*v + 64. What is j(2)?
12
Let c(l) = 2*l**3 + 17*l**2 + 2*l - 20. Give c(-8).
28
Let o(z) = 2*z**2 - 150*z + 1. Determine o(0).
1
Let f(z) = 48*z + 137. Give f(-4).
-55
Let d(m) = -148*m + 789. Calculate d(0).
789
Let s(z) = 5*z**3 - 22*z**2 - 2*z + 11. Give s(4).
-29
Let d(x) = -x**3 + 25*x**2 - x + 1. Calculate d(25).
-24
Let p(m) = 10*m - 63. Give p(6).
-3
Let d(y) = 15*y**2 - 1112*y - 981. Give d(75).
-6
Let h(g) = 9*g**3 + 3*g**2 + 14*g + 19. What is h(-2)?
-69
Let v(j) = -313*j + 2227. Determine v(7).
36
Let d(k) = 93*k + 88. Give d(-3).
-191
Let p(m) = -612*m + 26325. Give p(43).
9
Let w(k) = k**3 - 55*k**2 - 574*k - 141. Give w(64).
-13
Let g(s) = -5*s + 175. Give g(43).
-40
Let b(f) = -2*f**3 + 133*f**2 - 52*f - 915. What is b(66)?
9
Let l(u) = -9*u - 54. Determine l(-8).
18
Let s(u) = u**3 + 4*u**2 - 43*u + 20. Give s(-9).
2
Let n(q) = -8*q**2 + 188*q + 78. What is n(24)?
-18
Let z(f) = 4*f**3 + 24*f**2 - 32*f - 259. Determine z(-4).
-3
Let q(o) = 548*o - 2751. Give q(5).
-11
Let m(k) = k**3 - 8*k**2 - 50*k + 48. Calculate m(11).
-139
Let d(c) = 54*c - 1273. Give d(16).
-409
Let t(c) = 4*c**2 + 81*c + 65. Give t(-19).
-30
Let l(h) = -2*h**2 - 53*h - 303. Determine l(-8).
-7
Let y(k) = -k**2 - 57*k - 728. Determine y(-37).
12
Let z(m) = 15907*m - 429495. Calculate z(27).
-6
Let h(t) = t**3 - 171*t**2 + 112*t - 19145. Give h(171).
7
Let s(c) = c**2 - 38*c + 220. What is s(23)?
-125
Let y(m) = -33*m**3 - 2542*m**2 - 75*m + 149. Determine y(-77).
-5
Let q(l) = -l**2 + 36*l + 149. Calculate q(40).
-11
Let g(h) = -20*h + 189. Give g(12).
-51
Let r(j) = j**3 + 11*j**2 - 62*j - 673. Determine r(-11).
9
Let s(v) = 5*v**2 + 43*v + 145. Determine s(-13).
431
Let x(d) = -34*d**2 - 17*d - 14. Calculate x(0).
-14
Let u(j) = -2*j**3 - 24*j**2 - 24*j 